es 16 divide (6/(-4))/(131/(-128) - o)?
True
Does 9 divide 20*(14 - 16)*(-54 + 0)?
True
Suppose -m = -3*n + 198, 3*m - 330 = 6*n - 11*n. Does 19 divide 11/n - (1292/(-24) + 3)?
False
Let d = 443 - 428. Does 5 divide d*(351/15 - (-4 - -10))?
False
Let p(w) = -17*w - 93. Let k be p(-4). Let g(f) = -24*f + 165. Is g(k) a multiple of 15?
True
Suppose -4*s + 9*s - 4*d - 14197 = 0, 2*d = 3*s - 8517. Is 20 a factor of s?
False
Let v(l) = -4*l - 48. Let z(q) = -7*q - 97. Let n(f) = -11*v(f) + 6*z(f). Let t be n(19). Let c(o) = o**2 + 17*o + 32. Does 8 divide c(t)?
True
Suppose 5*q + 16 - 2 = -4*g, -2*g = -q. Let l = -859 + 847. Is 20/24 + g - 1154/l a multiple of 32?
True
Suppose 46*o - 405821 = 165499. Is 30 a factor of o?
True
Let g be (69/(-2))/((-66)/1672). Let s = g - 803. Does 2 divide s?
False
Let r(l) = -l**3 + 25*l**2 - 42*l + 120. Is r(9) a multiple of 9?
False
Let p(l) = -19*l + 3. Let b = -8 - -43. Let c = 31 - b. Is 26 a factor of p(c)?
False
Let v = 8 + -5. Suppose -4*w + 4 = -2*q, -v*w + 0*q = q - 13. Suppose 3*l - 432 = w*s, -l = 5*s - 3*s - 159. Is 32 a factor of l?
False
Let m = 44352 + -32640. Is 217 a factor of m?
False
Let x be 165/(-18)*-15*(-8)/(-10). Suppose -5*u + x = 2*b - 205, 2*b - 2*u - 322 = 0. Does 20 divide b?
True
Suppose 3646*r - 215 - 3644 = 3629*r. Is 3 a factor of r?
False
Suppose -14*s = -838 + 320. Suppose 32*z + 1400 = s*z. Does 56 divide z?
True
Let s(t) be the first derivative of -10*t**2 + 103*t + 17. Is 51 a factor of s(-17)?
False
Suppose 0 = 2*f + 3*r - 5896, 2*f + 8859 = 5*f - 3*r. Is f a multiple of 13?
True
Let a(l) be the third derivative of -71*l**6/120 - l**5/15 + l**4/12 + 4*l**3/3 - 105*l**2. Is 8 a factor of a(-2)?
False
Let q be (((-255)/10)/17)/((-1)/(-402)). Let w = q + 979. Is w a multiple of 19?
False
Let x(a) be the third derivative of -a**6/60 + 11*a**5/60 + a**4/2 - 3*a**3/2 - 4*a**2 - 5. Is x(6) a multiple of 9?
True
Suppose -17535 = -6*j - 5*m, -151*j + 152*j - 5*m = 2940. Is 9 a factor of j?
True
Suppose 66 = s + 61. Suppose -t - 2*z = -3*t + 96, 190 = 5*t + s*z. Is 3 a factor of t?
False
Let y(d) = 55*d**2 - 8*d + 54*d**2 - 104*d**2 - 9. Is 12 a factor of y(5)?
False
Suppose -11*c + 17574 + 35765 = -8613. Is 11 a factor of c?
True
Let f = 11591 + -4359. Does 32 divide f?
True
Let l(r) = 4*r**2 + 20*r - 14. Let b be l(-14). Let m = -223 + b. Is m a multiple of 10?
False
Let r be 3*4/12 - -12. Suppose -5 = -k + r. Suppose 2*z = a - 25, -2*a + 2*z + 26 = -k. Is a a multiple of 6?
False
Suppose -32752 = -t + x, -202*x = -3*t - 200*x + 98255. Is 297 a factor of t?
False
Let o(j) = 5*j**2 - 18*j - 6. Let k be o(11). Suppose 229 = 7*q - k. Is q a multiple of 18?
True
Let q(a) = 6*a**2 - 32*a + 348. Is q(26) a multiple of 76?
True
Suppose 4*z = -z + 355. Let c = -234 + 219. Let n = c + z. Is n a multiple of 7?
True
Let j = -31 - -110. Let l be ((-3)/10)/(24/(-40))*42. Suppose 5*x - l - j = 0. Is 4 a factor of x?
True
Let a(g) = 300*g + 305. Let n be a(0). Suppose 2*y + 2499 + 883 = 4*d, -5*y = -3*d + 2540. Suppose 5*w - d = -n. Does 10 divide w?
False
Let b = 99 + 1141. Is 7 a factor of b?
False
Let t be (2/(-4))/(5/(-3440)). Is 48 a factor of (-496)/(-2) - t/(-43)?
False
Let t(o) = 2*o - 15. Let n be t(9). Suppose 3*s + u = 18, -4*s + 27 - n = -u. Does 8 divide (-12)/((-1)/s*(-9)/(-4))?
True
Let x be (-2)/(-11) - (-29152)/352. Suppose 11*m - x = 379. Does 8 divide m?
False
Suppose -35 = -2*v + 3*s, -2*v = -3*v - 5*s - 15. Let x be (48/2)/(v + -8). Does 6 divide (-2)/(-4)*2 + x?
False
Suppose -15*q + 59514 = 3*z - 10*q, -4*z = -5*q - 79352. Is z a multiple of 91?
True
Let d = 696 - -344. Suppose 2*x + 5494 - d = 5*q, 3*q + x - 2668 = 0. Does 27 divide q?
False
Let a(k) = k**3 + 6*k**2 - 7*k - 6. Let h be a(6). Suppose -4*z = 5*u - h - 161, 0 = -z + 5. Does 17 divide u/14*(-102)/(-9)?
True
Is (1 - -6)/((-10)/(-6580)) a multiple of 36?
False
Let m(n) = 9*n**2 - 42*n - 10. Let j be m(5). Let i(l) = 4*l**2 + l - 2 + l - 6. Is i(j) a multiple of 11?
False
Let n(r) = -r**2 + 61*r - 4. Let c be n(14). Suppose -5*w - 219 = -c. Is w a multiple of 7?
False
Does 93 divide (8/(-10))/(1938068/(-646000) + 0 + 3)?
False
Let s be (9/(-36) - 42/(-8))*7. Suppose 0 = 10*f + s - 665. Is 8 a factor of f?
False
Let s = 106 - 94. Does 34 divide -326*(-5)/s + 40/240?
True
Suppose 1312 = 5*b + 3*b. Suppose 158*w + 576 = b*w. Does 4 divide w?
True
Suppose -3*d = -j - 208, 2*j - 134 = -2*d - 2*j. Let w be 0 + d*((-15)/(-9))/1. Suppose -3*a = 2*i - w, 3*a - 4*i = -5*i + 113. Is a a multiple of 5?
False
Suppose -2*k - 6 = -20. Let v(u) = -5*u**2 - 55*u - 129. Let j be v(-6). Suppose -k*m + 35 = -j. Is 8 a factor of m?
True
Let u(i) = 5994*i + 56. Is u(1) a multiple of 10?
True
Let y be 2/(-7) + 0 + (-1156)/(-28). Let g = y - 35. Let z(u) = 3*u**2 + 3*u + 9. Does 45 divide z(g)?
True
Suppose -5*b = -104 - 11. Suppose -b - 13 = -9*n. Suppose -5*a + 153 = h, h + 3*h - n*a = 660. Is h a multiple of 21?
False
Let y(s) = -s**3 + 15*s**2 + 3*s - 34. Let u be y(15). Suppose u*l - 311 = 690. Does 7 divide l?
True
Suppose h - 9038 = -1352. Suppose 22*f = f + h. Is f a multiple of 6?
True
Let c(h) be the third derivative of 0*h - 1/6*h**3 + 0 + 2*h**2 - 1/24*h**4. Is c(-15) a multiple of 9?
False
Suppose 0*y - 8880 = -4*y + 4*g, -5*y = -3*g - 11110. Is 25 a factor of y?
True
Let u(r) = 1. Let h(m) = 182*m + 2. Let g(x) = -h(x) + 3*u(x). Let c = -368 + 367. Does 14 divide g(c)?
False
Suppose 0 = 5*n + 28 - 73. Is (n/2)/((-21)/(-630)) a multiple of 6?
False
Is (-5)/(-46)*21446 - 57/(2622/4) a multiple of 35?
False
Let z = -157 - -89. Suppose -5*o + 4*k = 15, -o + 5*o + 3*k - 19 = 0. Is 13 a factor of -1 - 2 - (z - o)?
False
Suppose -8966 = -38*a + 2776. Is a a multiple of 6?
False
Let q = -694 + 6778. Is q a multiple of 13?
True
Let o = -29 - -38. Let l(x) = x**3 - 9*x**2 + 11*x - 12. Let r be l(o). Suppose t = 2*t + f - 79, 3*f + r = t. Is 9 a factor of t?
True
Let u = -9 + 5. Let y be 202/(-4)*(-3)/((-6)/u). Suppose 6*i - 893 = -y. Does 13 divide i?
False
Let n(f) = 1065*f**2 + 37*f. Is n(-2) a multiple of 13?
True
Suppose 5*t - 4*w - 2851 = 0, 0*t - 3*w = -5*t + 2852. Suppose -8*l = -197 - t. Is 32 a factor of l?
True
Let y(b) = 104*b**2 + 3 + 1 - 18*b - 102*b**2. Is y(14) a multiple of 8?
True
Let p = 7396 + 4762. Is 100 a factor of p?
False
Is (821660/(-150))/(-2) - (-6)/45 a multiple of 56?
False
Suppose 7 = 14*l - 7. Is 35 a factor of (l/2)/(3/12) - -313?
True
Is 29 a factor of ((-6031)/(-2) + -33)/((-2)/(-4))?
False
Let i(m) = 117*m**2 - 9*m + 12. Let u be i(2). Suppose -c + b + 174 = 0, 3*c - u = 2*b + 64. Does 17 divide c?
False
Suppose 3*y + 22 = 2*h, -h + 5*y = -12 - 13. Suppose 2*n + h*v = 1193, -8*v + 3 = -5*v. Does 27 divide n?
True
Let n be (-32)/17 + 5 + 4/(-34). Suppose 0 = -n*h + 171 - 3. Is h even?
True
Suppose 0 = 3*i + 11*l - 12*l - 6815, -i = 5*l - 2261. Is i a multiple of 16?
False
Is (-112)/392 - 499/(-7) a multiple of 2?
False
Suppose -5*j = n + 740, -5*j - 2*n - 725 = 2*n. Let o = -86 - j. Suppose -160 = -3*m + r, 0 = -2*m + 3*r + 32 + o. Is m a multiple of 11?
True
Is 3 a factor of 21/28 + (-2362)/(-8) + 5?
False
Suppose k + 24*k - 112615 = 48585. Does 62 divide k?
True
Suppose 4*v = -n + 371, -n - 3*n + 1394 = -2*v. Does 13 divide n?
True
Let j(n) = -3*n**3 - 8*n**2 + 47*n - 60. Is 16 a factor of j(-17)?
True
Let y(x) = x + 22. Let q be y(-9). Suppose -q = -8*m + 11. Suppose -w = o + w - 30, -3*w - 63 = -m*o. Does 24 divide o?
True
Let u = 21 - 37. Let k be 2/(-8) + (-52)/u. Suppose -40 = -k*g + 29. Is 23 a factor of g?
True
Suppose r + 92 = t + 3*r, -3*t + r = -241. Let p(a) = 89*a + t*a - 166*a - 21. Is p(15) a multiple of 11?
False
Let s(d) = -d**3 - 8*d**2 - 2*d - 4. Let n be ((-36)/8 + (6 - 3))*-2. Suppose n*i + 19 = -5. Is s(i) a multiple of 3?
True
Suppose -34 = -t - 2*y, t + 50 = 2*t - 2*y. Let m be (-38)/(-4)*t/7. Suppose z = m + 47. Does 8 divide z?
True
Let t(k) = 933*k - 228. Does 6 divide t(6)?
True
Suppose 0 = -2*q - 0*q - 5*u - 47, 5*q - 4*u = -68. Does 39 divide (q - -7)/(12/(-416))?
True
Suppose 3*z = -6, -15*d - z - 930 = -16*d. Suppose -5*s - 155 = x - d, -3*s - 2229 = -3*x. Is 44 a factor of x?
True
Let j(f) = f. Let t(l) = -l**2 + 6*l. Let d(h) = 5*j(h) - t(h). Let x be d(1). Is -